*h - 46. Calculate the highest common factor of 14 and l.
14
Let l = -94 + 182. Let d(f) = f**2 - 5*f - 5. Let a be d(5). Let u = 16 + a. What is the greatest common divisor of l and u?
11
Let j = 94 + -83. Calculate the greatest common factor of 176 and j.
11
Let n = -13 - -14. Suppose -5*x = -4*x - 7. Let y = x + n. What is the highest common factor of 24 and y?
8
Let k = -31 - -58. Calculate the greatest common factor of k and 9.
9
Let o(w) = -w**3 - 4*w**2 + 6*w - 1. Let p be o(-5). Let x be 4/(-1)*p/8. Let j be -3*(2 + 51/(-12))*4. Calculate the highest common factor of x and j.
3
Let n be (10/1)/((-4)/(-6) - 0). What is the highest common factor of 40 and n?
5
Let h(a) = 4*a + 2. Let g be h(-2). Let d be (3/(-6))/(1/g). Suppose -f = 5*c - 142, 2*f + 7*c - 272 = d*c. Calculate the greatest common factor of f and 12.
12
Suppose -3*o - 8*o + 1782 = 0. What is the highest common factor of o and 18?
18
Suppose 4*n - 1620 = -3*u, 0*u = -4*u - 16. Suppose 76 = 4*h - n. Suppose -3*p = -0*p - 33. What is the greatest common factor of h and p?
11
Let a(v) = v**3 + 11*v**2 + v + 14. Let r be a(-11). Calculate the highest common factor of 15 and r.
3
Let l(h) = -2*h + 20. Let c be l(11). Let r be (-1)/c - 948/(-24). What is the greatest common factor of r and 10?
10
Let x(c) = -c**2 + 2*c + 1. Let q(f) = f**2 - f - 1. Let g(m) = 5*q(m) + 6*x(m). Let l be g(5). Calculate the greatest common divisor of 44 and l.
11
Let q be (3*22/4)/((-6)/(-56)). What is the greatest common divisor of q and 14?
14
Let x be 12/(-8) - (-346)/4. Calculate the highest common divisor of x and 34.
17
Suppose -4*h + 3*y + 73 = 0, -4*h - y = y - 98. Calculate the greatest common factor of 11 and h.
11
Suppose w + 726 = 4*w. Let p = w - 120. Let q = 185 - p. What is the greatest common divisor of 7 and q?
7
Let h be 6*1*(1 - 0). Suppose -3*d - 3*b + 24 = 0, -4*d + b + 2 = -b. Suppose d*l - 15 = 30. What is the highest common divisor of h and l?
3
Suppose -6 + 0 = -3*t. Let g = 8 - t. Suppose -g*q = -2*q - 40. What is the greatest common factor of q and 2?
2
Suppose 2*q = -3*q - 250. Let y = -15 - q. Let z = 11 + -4. What is the highest common factor of y and z?
7
Suppose -6 = 3*r + 6. Let i be r*(1 + 9/(-6)). Suppose -i*k = -4 - 0. Calculate the greatest common factor of 16 and k.
2
Let h be (45/18)/(1/42). Calculate the highest common factor of 15 and h.
15
Let w = -5 + 7. Suppose -24*z + 21*z = -66. What is the greatest common divisor of z and w?
2
Let d = 5 + -4. Suppose 3 = -p + d. Let i(j) = 11*j**2 + 3*j + 2. Let l be i(p). Calculate the greatest common divisor of 16 and l.
8
Let i = -8 + 8. Suppose 0 = 3*p - i*p - 300. Suppose 5*j = -0*j, -5*a + 5*j + p = 0. Calculate the greatest common factor of a and 10.
10
Let j = 28 - -116. Let h be 44/8 - 2/(-4). Suppose 92 + 16 = h*s. Calculate the highest common factor of j and s.
18
Suppose 0 = 4*k - 0*k - 12. Let a = -44 - -77. What is the highest common factor of a and k?
3
Suppose -7*k + 10*k - 60 = 0. What is the greatest common factor of 80 and k?
20
Let w(i) = 2*i**2 + 7*i - 2. Let v be w(-5). Let a(b) = 12*b**2 - b - 2. Let n be a(-2). Let t = n - 22. What is the greatest common divisor of t and v?
13
Let f = 29 - 19. What is the highest common factor of f and 20?
10
Suppose 0*a + h = 5*a - 57, -5*h = -15. Let v = a + 27. Suppose 5*m - 2*m - 78 = 0. Calculate the highest common factor of m and v.
13
Let y = -11 - -31. Suppose 0*n - 4*n - v = -53, 4*n = -5*v + 73. Let h be n/6*(0 + 20). Calculate the highest common divisor of y and h.
20
Suppose 3*h - 5 = 4. Suppose 187 - 19 = h*n. Calculate the highest common factor of 8 and n.
8
Let q = 4 - 0. Let g = q + 7. Calculate the highest common factor of g and 11.
11
Let a(f) = 2*f**3 - 2*f**2 + 5*f - 3. Let w be a(2). Calculate the highest common divisor of 60 and w.
15
Let o(w) = -w + 2. Let l = -8 - 2. Let i be o(l). Let r(m) = 15*m + 6. Let y be r(6). What is the highest common divisor of y and i?
12
Suppose 0 = -4*j - 4*n - 4 - 32, -5*n - 25 = 0. Let b be j/20 + 36/5. What is the highest common factor of b and 77?
7
Suppose 0 = 4*f + 5*g - 364, 26 + 65 = f + g. What is the greatest common factor of 13 and f?
13
Suppose -3*k = 3*f + 57, -2*f + 0*f = -2*k - 18. Let p = -3 - k. Calculate the highest common divisor of 55 and p.
11
Let x(k) be the second derivative of 0 - 2*k - 5/6*k**4 + 0*k**2 - 1/3*k**3 + 1/20*k**5. Let u be x(11). What is the highest common factor of 11 and u?
11
Suppose 4*o - 6*o = -34. What is the highest common divisor of o and 187?
17
Suppose -4*h = -3*m - 2*m - 18, 2*h = -3*m - 2. Calculate the greatest common divisor of h and 4.
2
Let z be 2/(-8) - (-1)/4. Suppose -5*a + 15 = -z*a, 5*w - 3*a = 846. What is the greatest common factor of 19 and w?
19
Let f = -14 - -8. Let n(a) = -a + 2. Let d be n(f). Calculate the highest common divisor of 8 and d.
8
Let z be (-11 + 9)/((-2)/20). Calculate the highest common divisor of 260 and z.
20
Let x be (1 + -30)/((-1)/(-2)). Let w = -41 - x. Let k be -5 + (-2)/(-4)*6 - -155. What is the highest common divisor of w and k?
17
Let o be ((2 - -1) + 0)/1. Let z be (4/o)/((-4)/12). Let x be z/14 - 198/(-7). Calculate the highest common factor of x and 70.
14
Let t(a) = a + 15. Let o be t(10). What is the greatest common factor of 10 and o?
5
Let d be (5/(-1))/(-5)*11. What is the highest common factor of d and 88?
11
Let g be (2/1)/((-3)/36). Suppose -2*l + 5*o + 4 = 0, 2*l = o + 6 - 2. Let q be (3 + g)/((-3)/l). What is the greatest common factor of q and 7?
7
Let n(h) = 16*h**2 + 1. Let b be n(1). Calculate the highest common divisor of 51 and b.
17
Let t(a) = a + 4. Let p be t(-6). Let c be 1/(p + (-11)/(-5)). Suppose -5*h + 3*x = -96, 3*x - 114 = -c*h - 0*x. Calculate the highest common factor of 7 and h.
7
Let c be (1 - -1) + -3 + 0. Let w be (5 + -2)*c*-1. Suppose -r - w*r + 64 = 0. Calculate the highest common divisor of r and 48.
16
Let v be ((-45)/10 + 5)*56. Calculate the highest common divisor of 7 and v.
7
Let r(w) = w**3 + 11*w**2 - 4*w + 1. Let j be r(-11). What is the highest common divisor of j and 30?
15
Let z(m) = -m**3 + m**2 + 15. Let c be z(0). Suppose 0 = 4*v + v - c. Suppose 2*d - 5 = v. Calculate the highest common divisor of 6 and d.
2
Let c(y) = -12*y + 1. Let o be c(-1). Calculate the highest common divisor of 65 and o.
13
Let l(q) be the third derivative of q**4/12 - 5*q**3/3 + 3*q**2. Let i be l(8). Suppose 3*s = i*s - 9. What is the greatest common factor of 9 and s?
3
Suppose 0 = -12*o + 44 + 100. What is the highest common divisor of o and 24?
12
Let h = 32 + -26. What is the greatest common factor of h and 18?
6
Let z(j) be the first derivative of 3*j**2/2 - 8*j - 2. Let g be z(7). What is the greatest common factor of 52 and g?
13
Let x(v) be the second derivative of -v**5/20 + v**4/6 - 2*v**3/3 + 2*v. Let j be x(-4). Calculate the highest common factor of j and 16.
16
Let p(x) = -x**3 + 6*x**2 + 9*x - 2. Let n be p(7). Let k be (n/(-5))/((-5)/125). Calculate the highest common factor of k and 6.
6
Let h(p) = 4*p**3 - 6*p**2 + 5*p + 3. Let w be h(3). Let d(u) = 2*u**2 + 2*u - 4. Let f be d(-3). What is the highest common factor of f and w?
8
Let f be 3084/16 + (-2)/(-8) + 2. Calculate the greatest common factor of 15 and f.
15
Let x be 52/8 - 2/4. Let n(f) = f**3 - 5*f**2 + f - 2. Let g be n(x). Calculate the highest common divisor of g and 10.
10
Let z(l) = l + 12. Let x be z(9). Calculate the highest common divisor of x and 14.
7
Let u(z) = -z + 1. Let c be -1 - 3 - (5 + -7). Let s be u(c). Suppose -35 = -s*t + 55. Calculate the greatest common divisor of t and 6.
6
Suppose -2*v - 4*v + 42 = 0. Calculate the highest common divisor of v and 63.
7
Let t(q) = 2*q**2 + 5*q + 2. Let x be t(-3). Let n be 2/10 + 719/x. Let g be 4/14 - (-330)/21. Calculate the greatest common divisor of n and g.
16
Suppose -2*z = 2*z + 132. Let c = 125 - 208. Let j = z - c. Calculate the greatest common factor of 20 and j.
10
Suppose 5*a - 60 = -u + 56, u = 5*a + 126. What is the greatest common divisor of u and 44?
11
Let m(t) = -8*t - 1. Let o = 0 + 4. Let c be o/(-10)*(4 + 1). Let x be m(c). Calculate the greatest common divisor of x and 60.
15
Suppose 5*r + 5*h = 5, -4*r + 0*r + 1 = 5*h. Suppose -20